+ 9*f + 12. Let l(h) = -h**2 + 9*h + 11. Let b(c) = -6*l(c) + 5*m(c). Calculate b(9).
-6
Suppose -6*l - 14 = l. Let q = 14 - l. Let n = 17 - q. Let p(k) = 11*k**3 - k**2 + k. What is p(n)?
11
Let g(p) = 20*p**3 + p**2 - 1. Let r be (-1)/3 - (-16)/(-24). What is g(r)?
-20
Let j(t) be the third derivative of t**4/24 + 5*t**3/3 - 57*t**2 + t. Calculate j(-4).
6
Let b be 2538/(-810) + (-4)/(-30). Let w(q) = 6*q**2 + 2*q + 2. Determine w(b).
50
Let d be (-26)/4 - 2/4. Let h(s) = 11*s - 4. Let o(k) = -29*k + 11. Let i(u) = 8*h(u) + 3*o(u). Calculate i(d).
-6
Suppose 0 = -5*b - 73 + 48. Let v(q) = -q**3 - 5*q**2 + 2. Determine v(b).
2
Let y = -24 + 37. Suppose 4*p + y = z, p = -0*p + 5*z - 8. Let n(a) = a**2 - 3. Determine n(p).
6
Let i(l) = 19*l - 1. Let o(j) = 32*j - 4. Let a(y) = 5*i(y) - 3*o(y). Calculate a(-8).
15
Suppose -3*c - 2*k + 15 = 0, -5*c - 4*k - 4 = -31. Let g(p) = 43*p**3 - 5 - 2*p + 33*p**c - 75*p**3 + 6*p**2. Calculate g(-5).
30
Let p = 116 + -114. Suppose -w + 5*y + 13 = -p, -9 = -3*w - 3*y. Let a(i) = 4*i - 2*i**2 + i**2 - 4 + 2*i. Determine a(w).
1
Let n = 201 + -200. Let w(p) = -37*p**2 + 1. Give w(n).
-36
Let u(c) = -c**2 - 7 - 1 + 24*c + 12 - 30*c. Calculate u(-7).
-3
Let q(g) be the third derivative of g**4/8 + g**3/2 - 2*g**2. What is q(4)?
15
Let f(o) = -5*o**3 + 25*o**2 - 19*o - 40. Let n(p) = 6*p**3 - 26*p**2 + 19*p + 45. Let w(z) = -5*f(z) - 4*n(z). What is w(20)?
0
Let q(c) = 6*c**2 + 5*c - 6. Let y be q(2). Let a(h) = 29*h - 56*h - 11 + y*h. Give a(11).
0
Let c(r) = r**3 - 5*r**2 - 7*r + 3. Let o be 5 - (9/(-15) - 10/25). What is c(o)?
-3
Suppose 3*g + 27 = -5*u, 11 = 2*g - 2*u + 29. Let c(q) = -q**2 - 11*q - 1. Determine c(g).
17
Suppose 0 = -39*y + 42*y + 183. Let p = 55 + y. Let v(j) = j**2 + 5*j. Determine v(p).
6
Let w(y) be the first derivative of y**3/3 - 2*y - 61. What is w(-2)?
2
Let g(a) = -429*a + 384. Let f(q) = -61*q + 55. Let m(l) = -15*f(l) + 2*g(l). Let p(d) = 7*d - 7. Let x(s) = -4*m(s) + 33*p(s). Determine x(8).
21
Let g(j) = j**3 + 8*j**2 - 8*j + 1. Suppose 0 = a + 3*w + 15, 12*w = -a + 8*w - 17. Calculate g(a).
-8
Let d(m) = -9*m + 8. Let f(h) = 2*h**3 - 2*h**2 + 9*h - 20. Let g be f(2). What is d(g)?
-46
Let v(y) = 13*y + 753. Let l be v(-58). Let a(d) = -13*d**3 - 2*d**2 - d. Calculate a(l).
12
Let g(k) be the third derivative of -k**5/120 - k**4/24 - 11*k**3/6 + 10*k**2. Let l(w) be the first derivative of g(w). Calculate l(-1).
0
Let l(g) be the first derivative of 1/120*g**6 + 0*g - 1/60*g**5 + 0*g**4 + 2 - 1/6*g**3 + 1/2*g**2. Let y(q) be the second derivative of l(q). Give y(0).
-1
Let x(f) = 11*f + 2 - 10*f + 3 - 3. Suppose -10 = b - 0*b. Let n(a) = -a - 15. Let r be n(b). What is x(r)?
-3
Let y(p) = p**3 + 44*p**2 + 55*p**2 - 88*p**2 + 8. What is y(-11)?
8
Let r(n) = 5*n - 5. Let l(y) = -10*y + 9. Let g(w) = -4*l(w) - 7*r(w). Let x(f) = -f**2 - 7*f + 7. Let a be (-8*(3 + -2))/1. Let o be x(a). What is g(o)?
-6
Let b(h) = h + 1. Suppose -85 = 3*l - 4*l - k, -4*k - 300 = -4*l. Let j = l - 84. What is b(j)?
-3
Let p(v) = -v - 7. Suppose 0 = -2*c - 4*t + 16, 8*c - 6*c = -5*t + 20. What is p(c)?
-7
Let y(l) be the first derivative of l**3/3 - 3*l**2 - 2*l - 5. Let r be -2 + 1 + -4 + -1. Let n be -1 - (r/(-4) + -1)*-14. What is y(n)?
-2
Let f(v) = -31041*v**2 + 31042*v**2 - 15 - 2*v - 4*v. Give f(8).
1
Let s(c) = -c**2 + 6*c + 42. Let k be s(-4). Let v(m) = 2*m**2 + 4*m - 3. Determine v(k).
13
Let y(n) = -n**2 - 10*n + 9. Suppose 5*c + 137 - 87 = 0. What is y(c)?
9
Let u = 40 + -33. Suppose -u*g + 4 = -3*g. Let j(f) = -4*f**2 - f. What is j(g)?
-5
Suppose -5*b + 2*x + x - 19 = 0, 3*x - 17 = 4*b. Let g be ((-1)/2)/(b/(-20)). Let j(s) = 2 - 4*s + s - s**2 + 3. Determine j(g).
-5
Let u(v) = 2*v**3 - v - 6. Let t(k) = -2*k**3 - k**2 + 2*k + 7. Let b(q) = 4*t(q) + 5*u(q). Let c(y) = 2*y**2 + 4*y + 2. Let d be c(-2). Calculate b(d).
4
Let x(r) = -r + 5*r - 105 - 2*r + 136. Give x(-19).
-7
Let q(m) = -m**2 - 6*m - 5. Let y = -5 + 7. Let h = 14 - y. Suppose -4*r - h = 12. Determine q(r).
-5
Let n(h) = -2*h**2 - 4. Let b be n(2). Let y(a) = -3*a - 11. Let t be y(b). Let j(g) = 2*g**2 - 25 + t - 3*g**3 - 3*g**2. Give j(-1).
2
Let g(r) = 2*r + 5*r + r**2 - 8 + 12. Let c(b) = -2*b**2 + 16*b - 21. Let v be c(7). What is g(v)?
4
Suppose 4*k - 3*t = 15, 16 = -0*k + 4*k - 4*t. Suppose 4*q + 9 = -3*j + q, 4*q = -k*j - 9. Let x(h) = h**2 + h - 2. Give x(j).
4
Let a(d) = d**2 - 2*d - 1. Suppose 0 = -10*n + 5*n - 90. Let s be 9/n + 5/2. Calculate a(s).
-1
Let k(s) = 3*s**3 + 2*s**2 - 4*s + 3. Let d(b) = 2*b**3 - b + 1. Let m(z) = -2*d(z) + k(z). Calculate m(2).
-3
Let v(n) = -2*n**2 + 55*n + 154. Let d be v(30). Let r(m) be the third derivative of 5/24*m**d + 0*m - 1/2*m**3 - 3*m**2 + 0. Give r(2).
7
Let v(o) be the third derivative of 7/24*o**4 + 0*o + 1/30*o**5 + o**2 - 5/6*o**3 + 0 - 1/120*o**6. Suppose 2*t - 4*s = 5*t - 4, -4 = 2*s. Calculate v(t).
-9
Let a(n) = -n**2 + 7*n + 7. Suppose -15 = -12*z + 7*z. Suppose -4*j - 2*f + 40 = 6, -30 = -3*j - z*f. Give a(j).
7
Let s be (-16)/(-9) + (100/45)/10. Let z(n) = -5*n**2 - 139 - n**3 + 131 - 2*n**s - 4*n + 2*n. Give z(-7).
6
Let g be (1 - 2/2) + 2. Suppose 0 = -g*y - 0*y - 2. Let a(t) be the first derivative of -13*t**3/3 - t + 31. What is a(y)?
-14
Let m(b) = -2*b - 1. Let w be (21/35)/(((-2)/(-5))/2). Suppose -7*n + 4*n + 2*l - 13 = 0, 3*l = -w. Calculate m(n).
9
Let z(l) = -l - 9. Let n be z(-8). Let b(u) = 6*u**2 + 4*u + 5. Let o(d) = -d**3 - 4*d**2 - 3*d - 4. Let m(k) = -3*b(k) - 4*o(k). Determine m(n).
-5
Let i(p) = -p**3 - p**2 - 2*p. Let m(w) = -2*w**3 - 8*w**2 - 2*w - 5. Let k(b) = -3*i(b) + m(b). Determine k(4).
-5
Let n = -3 - -4. Let g be -2 - (n - (-1 - -10)). Let v(h) = h**2 - 6*h + 4. Determine v(g).
4
Let m(f) = -11*f**3. Let i be (7/14)/(2/(-100)). Let j = i + 18. Let g(v) = v**3 + 6*v**2 - 6*v + 8. Let l be g(j). Determine m(l).
-11
Let w(y) = y + 10. Let v(o) = o**3 - 5*o**2 + 2*o - 5. Let n be v(5). Suppose 0 = 5*k + n*q - 0*q + 55, 4*q + 12 = 0. What is w(k)?
2
Let z(c) = -c + 29 - 7 - 12 - 11. Give z(-2).
1
Let h(n) be the second derivative of 5*n**3/6 - 5*n**2/2 - n + 49. Give h(2).
5
Let u(w) = 2*w**2 + 2*w + 13*w**2 - 3 - 11*w**2 - 6*w**2 + w**3. Give u(4).
37
Let i = -6 - -6. Suppose 5*u + 4*q - 130 = i, 0 = 3*u - 4*q - q - 115. Let a be (u/8)/(39/52). Let c(r) = 2*r - 3. Give c(a).
7
Let l(x) = 1112*x + 0*x**2 + x**2 - 8*x**3 - 1115*x + 2. Determine l(1).
-8
Let z(u) = 4*u. Let q(v) = v**2 + 6*v + 4. Let c be 6/10 + (-84)/15. Let n be q(c). Let k be (n/(-2))/((-2)/(-8)). Give z(k).
8
Let k(a) be the second derivative of -a**5/20 + a**4/3 + 5*a**3/6 - 5*a**2/2 - 695*a. Give k(5).
-5
Let l be (-1)/5 - 144/30. Let g(s) = -s - 2. Calculate g(l).
3
Let n(b) be the first derivative of -b**4/4 - 7*b**3/3 - 9*b + 54. Let y = -79 + 72. Give n(y).
-9
Let a(p) = -11*p - 20. Let v(c) = -4*c - 3. Let y(l) = a(l) - 3*v(l). Determine y(12).
1
Suppose -10 = -12*h + 13*h. Let n = 6 - h. Suppose -3*z - m = -16, z + n = 5*z - 4*m. Let w(y) = -y**2 + 6*y - 5. Calculate w(z).
0
Let a(h) = 16*h**3 + h - 6. Let p(c) = 16*c**3 + c - 5. Let k(o) = 5*a(o) - 6*p(o). Calculate k(1).
-17
Let i(o) be the second derivative of -o**8/960 + o**6/720 - o**5/120 - o**4/2 - 2*o. Let h(p) be the third derivative of i(p). Determine h(1).
-7
Let k(l) = l + 6. Let q be k(-3). Let f = -5 - -7. Let t(m) = 4 - q + 2*m + 1 + f. Calculate t(-4).
-4
Let y(n) = -13*n**2 + 37*n + 3. Let w(c) = 7*c**2 - 19*c - 2. Let f(z) = -11*w(z) - 6*y(z). Calculate f(12).
-8
Let x(c) be the first derivative of -c**2 + 31*c - 276. Determine x(12).
7
Let z(d) = 5*d**2 - 5. Let u(h) = -6*h**2 + 6. Let a(f) = -4*u(f) - 5*z(f). Let i(p) = -2*p**2 - 2*p - 3. Let s(g) = -2*a(g) - i(g). Calculate s(-2).
13
Let u(j) = j - 8. Let i be u(8). Let f(o) = -o**2 - 12 + i + 3 - 6*o. Calculate f(-6).
-9
Let a(d) = 9*d**3 - 23*d**2 + 7*d - 4. Let q(n) = -4*n**3 + 11*n**2 - 3*n + 2. Let r be (-110)/16 + (9 - 584/64). Let z(j) = r*q(j) - 3*a(j). What is z(8)?
-2
Let f be ((-7)/14)/((-1)/10). Let p(d) = 0*d - d - f + 0*d - 2. What is p(-9)?
2
Suppose 0 = 9*f + 116 - 1718. Let j(g) = -f - 7*g**2 + g**3 + 86 + 89 + 6*g. Give j(6).
-3
Suppose -k + 10 = 3*h - 0*h, 2 = -h + 5*k. Suppose 3 = -b - d, -2*d = -h*b + d + 9. Le